[INFO] cloning repository https://github.com/fxfactorial/validator-mgmt
[INFO] running `Command { std: "git" "-c" "credential.helper=" "-c" "credential.helper=/workspace/cargo-home/bin/git-credential-null" "clone" "--bare" "https://github.com/fxfactorial/validator-mgmt" "/workspace/cache/git-repos/https%3A%2F%2Fgithub.com%2Ffxfactorial%2Fvalidator-mgmt", kill_on_drop: false }`
[INFO] [stderr] Cloning into bare repository '/workspace/cache/git-repos/https%3A%2F%2Fgithub.com%2Ffxfactorial%2Fvalidator-mgmt'...
[INFO] running `Command { std: "git" "rev-parse" "HEAD", kill_on_drop: false }`
[INFO] [stdout] 55963788a1dafbc0177d40d32f89d496528102e0
[INFO] checking fxfactorial/validator-mgmt against master#cfbc6d4cf1acbac5c025acf8ed68929caa551df3 for pr-75494-beta
[INFO] running `Command { std: "git" "clone" "/workspace/cache/git-repos/https%3A%2F%2Fgithub.com%2Ffxfactorial%2Fvalidator-mgmt" "/workspace/builds/worker-4/source", kill_on_drop: false }`
[INFO] [stderr] Cloning into '/workspace/builds/worker-4/source'...
[INFO] [stderr] done.
[INFO] validating manifest of git repo https://github.com/fxfactorial/validator-mgmt on toolchain cfbc6d4cf1acbac5c025acf8ed68929caa551df3
[INFO] running `Command { std: "/workspace/cargo-home/bin/cargo" "+cfbc6d4cf1acbac5c025acf8ed68929caa551df3" "read-manifest" "--manifest-path" "Cargo.toml", kill_on_drop: false }`
[INFO] started tweaking git repo https://github.com/fxfactorial/validator-mgmt
[INFO] finished tweaking git repo https://github.com/fxfactorial/validator-mgmt
[INFO] tweaked toml for git repo https://github.com/fxfactorial/validator-mgmt written to /workspace/builds/worker-4/source/Cargo.toml
[INFO] crate git repo https://github.com/fxfactorial/validator-mgmt already has a lockfile, it will not be regenerated
[INFO] running `Command { std: "/workspace/cargo-home/bin/cargo" "+cfbc6d4cf1acbac5c025acf8ed68929caa551df3" "fetch" "--locked" "--manifest-path" "Cargo.toml", kill_on_drop: false }`
[INFO] [stderr]     Updating git repository `https://github.com/lettre/lettre.git`
[INFO] [stderr]  Downloading crates ...
[INFO] [stderr]   Downloaded quoted_printable v0.4.2
[INFO] [stderr]   Downloaded shared_child v0.3.4
[INFO] [stderr]   Downloaded kv-log-macro v1.0.6
[INFO] [stderr]   Downloaded cache-padded v1.1.0
[INFO] [stderr]   Downloaded piper v0.1.3
[INFO] [stderr]   Downloaded wepoll-sys v2.0.0
[INFO] [stderr]   Downloaded smol v0.1.14
[INFO] [stderr]   Downloaded maud_htmlescape v0.17.0
[INFO] [stderr]   Downloaded parking v1.0.1
[INFO] [stderr]   Downloaded textnonce v0.7.1
[INFO] [stderr]   Downloaded maud v0.21.0
[INFO] [stderr]   Downloaded os_pipe v0.9.2
[INFO] [stderr]   Downloaded hyperx v1.0.0
[INFO] [stderr]   Downloaded base64 v0.12.2
[INFO] [stderr]   Downloaded maud_macros v0.21.0
[INFO] [stderr]   Downloaded fastrand v1.2.4
[INFO] [stderr]   Downloaded wepoll-binding v2.0.2
[INFO] [stderr]   Downloaded duct v0.13.4
[INFO] running `Command { std: "docker" "create" "-v" "/var/lib/crater-agent-workspace/builds/worker-4/target:/opt/rustwide/target:rw,Z" "-v" "/var/lib/crater-agent-workspace/builds/worker-4/source:/opt/rustwide/workdir:ro,Z" "-v" "/var/lib/crater-agent-workspace/cargo-home:/opt/rustwide/cargo-home:ro,Z" "-v" "/var/lib/crater-agent-workspace/rustup-home:/opt/rustwide/rustup-home:ro,Z" "-e" "SOURCE_DIR=/opt/rustwide/workdir" "-e" "CARGO_TARGET_DIR=/opt/rustwide/target" "-e" "CARGO_HOME=/opt/rustwide/cargo-home" "-e" "RUSTUP_HOME=/opt/rustwide/rustup-home" "-w" "/opt/rustwide/workdir" "-m" "1610612736" "--user" "0:0" "--network" "none" "rustops/crates-build-env@sha256:a636fd89d022f18117e1dc8fb37a0a009933cdbbe082814857f0e2024962d47c" "/opt/rustwide/cargo-home/bin/cargo" "+cfbc6d4cf1acbac5c025acf8ed68929caa551df3" "metadata" "--no-deps" "--format-version=1", kill_on_drop: false }`
[INFO] [stdout] 9a087e30a4bcf51d5a3d07db7073efe9048c1169cc6eea49402c1863596ab4e2
[INFO] [stderr] WARNING: Your kernel does not support swap limit capabilities or the cgroup is not mounted. Memory limited without swap.
[INFO] running `Command { std: "docker" "start" "-a" "9a087e30a4bcf51d5a3d07db7073efe9048c1169cc6eea49402c1863596ab4e2", kill_on_drop: false }`
[INFO] running `Command { std: "docker" "inspect" "9a087e30a4bcf51d5a3d07db7073efe9048c1169cc6eea49402c1863596ab4e2", kill_on_drop: false }`
[INFO] running `Command { std: "docker" "rm" "-f" "9a087e30a4bcf51d5a3d07db7073efe9048c1169cc6eea49402c1863596ab4e2", kill_on_drop: false }`
[INFO] [stdout] 9a087e30a4bcf51d5a3d07db7073efe9048c1169cc6eea49402c1863596ab4e2
[INFO] running `Command { std: "docker" "create" "-v" "/var/lib/crater-agent-workspace/builds/worker-4/target:/opt/rustwide/target:rw,Z" "-v" "/var/lib/crater-agent-workspace/builds/worker-4/source:/opt/rustwide/workdir:ro,Z" "-v" "/var/lib/crater-agent-workspace/cargo-home:/opt/rustwide/cargo-home:ro,Z" "-v" "/var/lib/crater-agent-workspace/rustup-home:/opt/rustwide/rustup-home:ro,Z" "-e" "SOURCE_DIR=/opt/rustwide/workdir" "-e" "CARGO_TARGET_DIR=/opt/rustwide/target" "-e" "CARGO_INCREMENTAL=0" "-e" "RUST_BACKTRACE=full" "-e" "RUSTFLAGS=--cap-lints=forbid" "-e" "CARGO_HOME=/opt/rustwide/cargo-home" "-e" "RUSTUP_HOME=/opt/rustwide/rustup-home" "-w" "/opt/rustwide/workdir" "-m" "1610612736" "--user" "0:0" "--network" "none" "rustops/crates-build-env@sha256:a636fd89d022f18117e1dc8fb37a0a009933cdbbe082814857f0e2024962d47c" "/opt/rustwide/cargo-home/bin/cargo" "+cfbc6d4cf1acbac5c025acf8ed68929caa551df3" "check" "--frozen" "--all" "--all-targets" "--message-format=json", kill_on_drop: false }`
[INFO] [stderr] WARNING: Your kernel does not support swap limit capabilities or the cgroup is not mounted. Memory limited without swap.
[INFO] [stdout] 5bc8c38a75988484435e133bd468304f48dbb8c142fb758357fce88710d00335
[INFO] running `Command { std: "docker" "start" "-a" "5bc8c38a75988484435e133bd468304f48dbb8c142fb758357fce88710d00335", kill_on_drop: false }`
[INFO] [stderr]    Compiling libc v0.2.71
[INFO] [stderr]    Compiling proc-macro2 v1.0.18
[INFO] [stderr]    Compiling syn v1.0.31
[INFO] [stderr]     Checking futures-sink v0.3.5
[INFO] [stderr]    Compiling pin-project-internal v0.4.22
[INFO] [stderr]    Compiling wasm-bindgen-shared v0.2.63
[INFO] [stderr]    Compiling proc-macro-hack v0.5.16
[INFO] [stderr]    Compiling bumpalo v3.4.0
[INFO] [stderr]    Compiling cc v1.0.54
[INFO] [stderr]     Checking bytes v0.5.4
[INFO] [stderr]     Checking itoa v0.4.6
[INFO] [stderr]    Compiling wasm-bindgen v0.2.63
[INFO] [stderr]    Compiling serde v1.0.112
[INFO] [stderr]    Compiling proc-macro2 v0.4.30
[INFO] [stderr]     Checking pin-project-lite v0.1.7
[INFO] [stderr]    Compiling syn v0.15.44
[INFO] [stderr]    Compiling lexical-core v0.7.4
[INFO] [stderr]     Checking waker-fn v1.0.0
[INFO] [stderr]     Checking parking v1.0.1
[INFO] [stderr]     Checking cache-padded v1.1.0
[INFO] [stderr]     Checking tinyvec v0.3.3
[INFO] [stderr]     Checking static_assertions v1.1.0
[INFO] [stderr]    Compiling hyperx v1.0.0
[INFO] [stderr]    Compiling serde_json v1.0.55
[INFO] [stderr]     Checking arrayvec v0.5.1
[INFO] [stderr]     Checking regex-syntax v0.6.18
[INFO] [stderr]     Checking base64 v0.12.2
[INFO] [stderr]     Checking match_cfg v0.1.0
[INFO] [stderr]     Checking send_wrapper v0.4.0
[INFO] [stderr]     Checking async-task v3.0.0
[INFO] [stderr]     Checking fastrand v1.2.4
[INFO] [stderr]     Checking scoped-tls v1.0.0
[INFO] [stderr]     Checking try-lock v0.2.2
[INFO] [stderr]     Checking mime v0.3.16
[INFO] [stderr]    Compiling maud_htmlescape v0.17.0
[INFO] [stderr]     Checking dtoa v0.4.6
[INFO] [stderr]     Checking termcolor v1.1.0
[INFO] [stderr]     Checking bufstream v0.1.4
[INFO] [stderr]     Checking quoted_printable v0.4.2
[INFO] [stderr]     Checking tower-service v0.3.0
[INFO] [stderr]     Checking strsim v0.10.0
[INFO] [stderr]     Checking os_str_bytes v2.3.1
[INFO] [stderr]    Compiling num-traits v0.2.12
[INFO] [stderr]    Compiling num-integer v0.1.43
[INFO] [stderr]    Compiling indexmap v1.4.0
[INFO] [stderr]    Compiling unicase v2.6.0
[INFO] [stderr]    Compiling nom v5.1.2
[INFO] [stderr]     Checking futures-channel v0.3.5
[INFO] [stderr]     Checking concurrent-queue v1.1.1
[INFO] [stderr]     Checking yaml-rust v0.4.4
[INFO] [stderr]     Checking line-wrap v0.1.1
[INFO] [stderr]     Checking http v0.2.1
[INFO] [stderr]     Checking unicode-normalization v0.1.13
[INFO] [stderr]    Compiling crossbeam-utils v0.7.2
[INFO] [stderr]     Checking log v0.4.8
[INFO] [stderr]     Checking aho-corasick v0.7.10
[INFO] [stderr]     Checking kv-log-macro v1.0.6
[INFO] [stderr]     Checking want v0.3.0
[INFO] [stderr]    Compiling quote v0.6.13
[INFO] [stderr]    Compiling quote v1.0.7
[INFO] [stderr]     Checking getrandom v0.1.14
[INFO] [stderr]     Checking iovec v0.1.4
[INFO] [stderr]     Checking time v0.1.43
[INFO] [stderr]     Checking net2 v0.2.34
[INFO] [stderr]     Checking parking_lot_core v0.7.2
[INFO] [stderr]     Checking socket2 v0.3.12
[INFO] [stderr]     Checking shared_child v0.3.4
[INFO] [stderr]     Checking num_cpus v1.13.0
[INFO] [stderr]     Checking os_pipe v0.9.2
[INFO] [stderr]     Checking hostname v0.3.1
[INFO] [stderr]     Checking atty v0.2.14
[INFO] [stderr]    Compiling ring v0.16.15
[INFO] [stderr]     Checking rand_core v0.5.1
[INFO] [stderr]     Checking mio v0.6.22
[INFO] [stderr]     Checking parking_lot v0.10.2
[INFO] [stderr]     Checking duct v0.13.4
[INFO] [stderr]     Checking idna v0.2.0
[INFO] [stderr]     Checking rand_chacha v0.2.2
[INFO] [stderr]     Checking scheduled-thread-pool v0.2.4
[INFO] [stderr]     Checking r2d2 v0.8.8
[INFO] [stderr]     Checking rand v0.7.3
[INFO] [stderr]     Checking chrono v0.4.11
[INFO] [stderr]     Checking tokio v0.2.21
[INFO] [stderr]     Checking regex v1.3.9
[INFO] [stderr]     Checking http-body v0.3.1
[INFO] [stderr]     Checking uuid v0.8.1
[INFO] [stderr]     Checking webpki v0.21.3
[INFO] [stderr]     Checking sct v0.6.0
[INFO] [stderr]    Compiling maud_macros v0.21.0
[INFO] [stdout] error[E0554]: `#![feature]` may not be used on the beta release channel
[INFO] [stdout]  --> /opt/rustwide/cargo-home/registry/src/github.com-1ecc6299db9ec823/maud_macros-0.21.0/src/lib.rs:1:1
[INFO] [stdout]   |
[INFO] [stdout] 1 | #![feature(proc_macro_def_site)]
[INFO] [stdout]   | ^^^^^^^^^^^^^^^^^^^^^^^^^^^^^^^^
[INFO] [stdout] 
[INFO] [stdout] 
[INFO] [stdout] error[E0554]: `#![feature]` may not be used on the beta release channel
[INFO] [stdout]  --> /opt/rustwide/cargo-home/registry/src/github.com-1ecc6299db9ec823/maud_macros-0.21.0/src/lib.rs:2:1
[INFO] [stdout]   |
[INFO] [stdout] 2 | #![feature(proc_macro_diagnostic)]
[INFO] [stdout]   | ^^^^^^^^^^^^^^^^^^^^^^^^^^^^^^^^^^
[INFO] [stdout] 
[INFO] [stdout] 
[INFO] [stdout] error[E0554]: `#![feature]` may not be used on the beta release channel
[INFO] [stdout]  --> /opt/rustwide/cargo-home/registry/src/github.com-1ecc6299db9ec823/maud_macros-0.21.0/src/lib.rs:3:1
[INFO] [stdout]   |
[INFO] [stdout] 3 | #![feature(proc_macro_hygiene)]
[INFO] [stdout]   | ^^^^^^^^^^^^^^^^^^^^^^^^^^^^^^^
[INFO] [stdout] 
[INFO] [stdout] 
[INFO] [stdout] error[E0554]: `#![feature]` may not be used on the beta release channel
[INFO] [stdout]  --> /opt/rustwide/cargo-home/registry/src/github.com-1ecc6299db9ec823/maud_macros-0.21.0/src/lib.rs:4:1
[INFO] [stdout]   |
[INFO] [stdout] 4 | #![feature(proc_macro_quote)]
[INFO] [stdout]   | ^^^^^^^^^^^^^^^^^^^^^^^^^^^^^
[INFO] [stdout] 
[INFO] [stdout] 
[INFO] [stdout] error[E0554]: `#![feature]` may not be used on the beta release channel
[INFO] [stdout]  --> /opt/rustwide/cargo-home/registry/src/github.com-1ecc6299db9ec823/maud_macros-0.21.0/src/lib.rs:5:1
[INFO] [stdout]   |
[INFO] [stdout] 5 | #![feature(proc_macro_span)]
[INFO] [stdout]   | ^^^^^^^^^^^^^^^^^^^^^^^^^^^^
[INFO] [stdout] 
[INFO] [stdout] 
[INFO] [stderr] error: could not compile `maud_macros`.
[INFO] [stdout] error: aborting due to 5 previous errors
[INFO] [stdout] 
[INFO] [stdout] 
[INFO] [stderr] 
[INFO] [stdout] For more information about this error, try `rustc --explain E0554`.
[INFO] [stdout] 
[INFO] [stderr] To learn more, run the command again with --verbose.
[INFO] [stderr] warning: build failed, waiting for other jobs to finish...
[INFO] [stderr] error: build failed
[INFO] running `Command { std: "docker" "inspect" "5bc8c38a75988484435e133bd468304f48dbb8c142fb758357fce88710d00335", kill_on_drop: false }`
[INFO] running `Command { std: "docker" "rm" "-f" "5bc8c38a75988484435e133bd468304f48dbb8c142fb758357fce88710d00335", kill_on_drop: false }`
[INFO] [stdout] 5bc8c38a75988484435e133bd468304f48dbb8c142fb758357fce88710d00335
